[INFO] cloning repository https://github.com/Pyxxil/tech-interview-as-a-service
[INFO] running `Command { std: "git" "-c" "credential.helper=" "-c" "credential.helper=/workspace/cargo-home/bin/git-credential-null" "clone" "--bare" "https://github.com/Pyxxil/tech-interview-as-a-service" "/workspace/cache/git-repos/https%3A%2F%2Fgithub.com%2FPyxxil%2Ftech-interview-as-a-service", kill_on_drop: false }`
[INFO] [stderr] Cloning into bare repository '/workspace/cache/git-repos/https%3A%2F%2Fgithub.com%2FPyxxil%2Ftech-interview-as-a-service'...
[INFO] running `Command { std: "git" "rev-parse" "HEAD", kill_on_drop: false }`
[INFO] [stdout] 8a39df4fdffc3e0dee36844cb93798ea9bd7bf91
[INFO] checking Pyxxil/tech-interview-as-a-service against master#e6e4f7ed1589e03bc2f6c5931c1a72e7947e8682 for beta-170-4
[INFO] running `Command { std: "git" "clone" "/workspace/cache/git-repos/https%3A%2F%2Fgithub.com%2FPyxxil%2Ftech-interview-as-a-service" "/workspace/builds/worker-6-tc2/source", kill_on_drop: false }`
[INFO] [stderr] Cloning into '/workspace/builds/worker-6-tc2/source'...
[INFO] [stderr] done.
[INFO] validating manifest of git repo https://github.com/Pyxxil/tech-interview-as-a-service on toolchain e6e4f7ed1589e03bc2f6c5931c1a72e7947e8682
[INFO] running `Command { std: CARGO_HOME="/workspace/cargo-home" RUSTUP_HOME="/workspace/rustup-home" "/workspace/cargo-home/bin/cargo" "+e6e4f7ed1589e03bc2f6c5931c1a72e7947e8682" "metadata" "--manifest-path" "Cargo.toml" "--no-deps", kill_on_drop: false }`
[INFO] started tweaking git repo https://github.com/Pyxxil/tech-interview-as-a-service
[INFO] finished tweaking git repo https://github.com/Pyxxil/tech-interview-as-a-service
[INFO] tweaked toml for git repo https://github.com/Pyxxil/tech-interview-as-a-service written to /workspace/builds/worker-6-tc2/source/Cargo.toml
[INFO] crate git repo https://github.com/Pyxxil/tech-interview-as-a-service already has a lockfile, it will not be regenerated
[INFO] running `Command { std: CARGO_HOME="/workspace/cargo-home" RUSTUP_HOME="/workspace/rustup-home" "/workspace/cargo-home/bin/cargo" "+e6e4f7ed1589e03bc2f6c5931c1a72e7947e8682" "fetch" "--manifest-path" "Cargo.toml", kill_on_drop: false }`
[INFO] running `Command { std: "docker" "create" "-v" "/var/lib/crater-agent-workspace/builds/worker-6-tc2/target:/opt/rustwide/target:rw,Z" "-v" "/var/lib/crater-agent-workspace/builds/worker-6-tc2/source:/opt/rustwide/workdir:ro,Z" "-v" "/var/lib/crater-agent-workspace/cargo-home:/opt/rustwide/cargo-home:ro,Z" "-v" "/var/lib/crater-agent-workspace/rustup-home:/opt/rustwide/rustup-home:ro,Z" "-e" "SOURCE_DIR=/opt/rustwide/workdir" "-e" "CARGO_TARGET_DIR=/opt/rustwide/target" "-e" "CARGO_HOME=/opt/rustwide/cargo-home" "-e" "RUSTUP_HOME=/opt/rustwide/rustup-home" "-w" "/opt/rustwide/workdir" "-m" "1610612736" "--user" "0:0" "--network" "none" "ghcr.io/rust-lang/crates-build-env/linux@sha256:19e73879b68f455e41552ea35293514db52ea292d993f571636dbffedb77a1ee" "/opt/rustwide/cargo-home/bin/cargo" "+e6e4f7ed1589e03bc2f6c5931c1a72e7947e8682" "metadata" "--no-deps" "--format-version=1", kill_on_drop: false }`
[INFO] [stdout] 37a3e1836600063da5f7c3728616957376dc8676f2db2f4e84e69a0641fe5955
[INFO] running `Command { std: "docker" "start" "-a" "37a3e1836600063da5f7c3728616957376dc8676f2db2f4e84e69a0641fe5955", kill_on_drop: false }`
[INFO] running `Command { std: "docker" "inspect" "37a3e1836600063da5f7c3728616957376dc8676f2db2f4e84e69a0641fe5955", kill_on_drop: false }`
[INFO] running `Command { std: "docker" "rm" "-f" "37a3e1836600063da5f7c3728616957376dc8676f2db2f4e84e69a0641fe5955", kill_on_drop: false }`
[INFO] [stdout] 37a3e1836600063da5f7c3728616957376dc8676f2db2f4e84e69a0641fe5955
[INFO] running `Command { std: "docker" "create" "-v" "/var/lib/crater-agent-workspace/builds/worker-6-tc2/target:/opt/rustwide/target:rw,Z" "-v" "/var/lib/crater-agent-workspace/builds/worker-6-tc2/source:/opt/rustwide/workdir:ro,Z" "-v" "/var/lib/crater-agent-workspace/cargo-home:/opt/rustwide/cargo-home:ro,Z" "-v" "/var/lib/crater-agent-workspace/rustup-home:/opt/rustwide/rustup-home:ro,Z" "-e" "SOURCE_DIR=/opt/rustwide/workdir" "-e" "CARGO_TARGET_DIR=/opt/rustwide/target" "-e" "CARGO_INCREMENTAL=0" "-e" "RUST_BACKTRACE=full" "-e" "RUSTFLAGS=--cap-lints=forbid" "-e" "RUSTDOCFLAGS=--cap-lints=forbid" "-e" "CARGO_HOME=/opt/rustwide/cargo-home" "-e" "RUSTUP_HOME=/opt/rustwide/rustup-home" "-w" "/opt/rustwide/workdir" "-m" "1610612736" "--user" "0:0" "--network" "none" "ghcr.io/rust-lang/crates-build-env/linux@sha256:19e73879b68f455e41552ea35293514db52ea292d993f571636dbffedb77a1ee" "/opt/rustwide/cargo-home/bin/cargo" "+e6e4f7ed1589e03bc2f6c5931c1a72e7947e8682" "check" "--frozen" "--all" "--all-targets" "--message-format=json", kill_on_drop: false }`
[INFO] [stdout] 5bd1e912947fb8f6a893304d3a35e746e1f8109b7fc6b6af8aa1ac63e09977d8
[INFO] running `Command { std: "docker" "start" "-a" "5bd1e912947fb8f6a893304d3a35e746e1f8109b7fc6b6af8aa1ac63e09977d8", kill_on_drop: false }`
[INFO] [stderr]    Compiling proc-macro2 v1.0.29
[INFO] [stderr]    Compiling syn v1.0.75
[INFO] [stderr]    Compiling serde_derive v1.0.130
[INFO] [stderr]    Compiling wasm-bindgen-shared v0.2.78
[INFO] [stderr]    Compiling serde v1.0.130
[INFO] [stderr]    Compiling log v0.4.14
[INFO] [stderr]    Compiling serde_json v1.0.67
[INFO] [stderr]    Compiling bumpalo v3.7.0
[INFO] [stderr]    Compiling wasm-bindgen v0.2.78
[INFO] [stderr]    Compiling memchr v2.4.1
[INFO] [stderr]     Checking itoa v0.4.8
[INFO] [stderr]    Compiling ryu v1.0.5
[INFO] [stderr]    Compiling futures-core v0.3.17
[INFO] [stderr]    Compiling proc-macro-hack v0.5.19
[INFO] [stderr]    Compiling ucd-util v0.1.8
[INFO] [stderr]    Compiling regex v0.2.11
[INFO] [stderr]    Compiling futures-macro v0.3.17
[INFO] [stderr]    Compiling regex-syntax v0.5.6
[INFO] [stderr]    Compiling num-traits v0.2.14
[INFO] [stderr]    Compiling thread_local v0.3.6
[INFO] [stderr]    Compiling proc-macro-nested v0.1.7
[INFO] [stderr]    Compiling utf8-ranges v1.0.4
[INFO] [stderr]    Compiling quote v1.0.9
[INFO] [stderr]    Compiling futures-task v0.3.17
[INFO] [stderr]    Compiling futures-channel v0.3.17
[INFO] [stderr]    Compiling libc v0.2.101
[INFO] [stderr]    Compiling aho-corasick v0.6.10
[INFO] [stderr]    Compiling num-integer v0.1.44
[INFO] [stderr]    Compiling futures-util v0.3.17
[INFO] [stderr]     Checking futures-sink v0.3.17
[INFO] [stderr]     Checking tinyvec v1.3.1
[INFO] [stderr]     Checking pin-project-lite v0.2.7
[INFO] [stderr]    Compiling async-trait v0.1.51
[INFO] [stderr]     Checking futures-io v0.3.17
[INFO] [stderr]     Checking slab v0.4.4
[INFO] [stderr]     Checking time v0.1.44
[INFO] [stderr]     Checking unicode-normalization v0.1.19
[INFO] [stderr]     Checking unicode-bidi v0.3.6
[INFO] [stderr]     Checking http v0.2.4
[INFO] [stderr]     Checking matchit v0.4.2
[INFO] [stderr]     Checking chrono v0.4.19
[INFO] [stderr]     Checking idna v0.2.3
[INFO] [stderr]    Compiling parse-zoneinfo v0.1.1
[INFO] [stderr]     Checking url v2.2.2
[INFO] [stderr]    Compiling chrono-tz v0.4.1
[INFO] [stderr]    Compiling wasm-bindgen-backend v0.2.78
[INFO] [stderr]    Compiling wasm-bindgen-macro-support v0.2.78
[INFO] [stderr]    Compiling wasm-bindgen-macro v0.2.78
[INFO] [stderr]     Checking futures-executor v0.3.17
[INFO] [stderr]     Checking futures v0.3.17
[INFO] [stderr]     Checking js-sys v0.3.55
[INFO] [stderr]     Checking console_error_panic_hook v0.1.6
[INFO] [stderr]     Checking wasm-bindgen-futures v0.4.28
[INFO] [stderr]     Checking web-sys v0.3.55
[INFO] [stderr]     Checking worker-kv v0.3.0
[INFO] [stderr]     Checking worker-sys v0.0.2
[INFO] [stderr]    Compiling worker-macros v0.0.2
[INFO] [stderr]     Checking worker v0.0.6
[INFO] [stderr]     Checking interview v0.1.0 (/opt/rustwide/workdir)
[INFO] [stdout] warning: the feature `generic_associated_types` has been stable since 1.65.0 and no longer requires an attribute to enable
[INFO] [stdout]  --> src/lib.rs:2:12
[INFO] [stdout]   |
[INFO] [stdout] 2 | #![feature(generic_associated_types)]
[INFO] [stdout]   |            ^^^^^^^^^^^^^^^^^^^^^^^^
[INFO] [stdout]   |
[INFO] [stdout]   = note: `#[warn(stable_features)]` on by default
[INFO] [stdout] 
[INFO] [stdout] 
[INFO] [stdout] error[E0635]: unknown feature `option_result_contains`
[INFO] [stdout]  --> src/lib.rs:1:12
[INFO] [stdout]   |
[INFO] [stdout] 1 | #![feature(option_result_contains)]
[INFO] [stdout]   |            ^^^^^^^^^^^^^^^^^^^^^^
[INFO] [stdout] 
[INFO] [stdout] 
[INFO] [stdout] warning: the feature `generic_associated_types` has been stable since 1.65.0 and no longer requires an attribute to enable
[INFO] [stdout]  --> src/lib.rs:2:12
[INFO] [stdout]   |
[INFO] [stdout] 2 | #![feature(generic_associated_types)]
[INFO] [stdout]   |            ^^^^^^^^^^^^^^^^^^^^^^^^
[INFO] [stdout]   |
[INFO] [stdout]   = note: `#[warn(stable_features)]` on by default
[INFO] [stdout] 
[INFO] [stdout] 
[INFO] [stdout] error[E0635]: unknown feature `option_result_contains`
[INFO] [stdout]  --> src/lib.rs:1:12
[INFO] [stdout]   |
[INFO] [stdout] 1 | #![feature(option_result_contains)]
[INFO] [stdout]   |            ^^^^^^^^^^^^^^^^^^^^^^
[INFO] [stdout] 
[INFO] [stdout] 
[INFO] [stdout] error[E0599]: no method named `contains` found for enum `Result` in the current scope
[INFO] [stdout]   --> src/services/mod.rs:24:10
[INFO] [stdout]    |
[INFO] [stdout] 21 |       } else if ctx
[INFO] [stdout]    |  _______________-
[INFO] [stdout] 22 | |         .headers()
[INFO] [stdout] 23 | |         .get("Content-Type")
[INFO] [stdout] 24 | |         .contains(&Some(String::from("application/json")))
[INFO] [stdout]    | |         -^^^^^^^^ method not found in `Result<Option<String>, Error>`
[INFO] [stdout]    | |_________|
[INFO] [stdout]    | 
[INFO] [stdout] 
[INFO] [stdout] 
[INFO] [stdout] error[E0599]: no method named `contains` found for enum `Result` in the current scope
[INFO] [stdout]   --> src/services/mod.rs:24:10
[INFO] [stdout]    |
[INFO] [stdout] 21 |       } else if ctx
[INFO] [stdout]    |  _______________-
[INFO] [stdout] 22 | |         .headers()
[INFO] [stdout] 23 | |         .get("Content-Type")
[INFO] [stdout] 24 | |         .contains(&Some(String::from("application/json")))
[INFO] [stdout]    | |         -^^^^^^^^ method not found in `Result<Option<String>, Error>`
[INFO] [stdout]    | |_________|
[INFO] [stdout]    | 
[INFO] [stdout] 
[INFO] [stdout] 
[INFO] [stdout] error: aborting due to 2 previous errors; 1 warning emitted
[INFO] [stdout] 
[INFO] [stdout] 
[INFO] [stdout] Some errors have detailed explanations: E0599, E0635.
[INFO] [stdout] 
[INFO] [stdout] For more information about an error, try `rustc --explain E0599`.
[INFO] [stdout] 
[INFO] [stdout] error: aborting due to 2 previous errors; 1 warning emitted
[INFO] [stdout] 
[INFO] [stdout] 
[INFO] [stdout] Some errors have detailed explanations: E0599, E0635.
[INFO] [stdout] 
[INFO] [stdout] For more information about an error, try `rustc --explain E0599`.
[INFO] [stdout] 
[INFO] [stderr] error: could not compile `interview` (lib) due to 3 previous errors; 1 warning emitted
[INFO] [stderr] warning: build failed, waiting for other jobs to finish...
[INFO] [stderr] error: could not compile `interview` (lib test) due to 3 previous errors; 1 warning emitted
[INFO] running `Command { std: "docker" "inspect" "5bd1e912947fb8f6a893304d3a35e746e1f8109b7fc6b6af8aa1ac63e09977d8", kill_on_drop: false }`
[INFO] running `Command { std: "docker" "rm" "-f" "5bd1e912947fb8f6a893304d3a35e746e1f8109b7fc6b6af8aa1ac63e09977d8", kill_on_drop: false }`
[INFO] [stdout] 5bd1e912947fb8f6a893304d3a35e746e1f8109b7fc6b6af8aa1ac63e09977d8
